*r - 84978 = 5994. List the prime factors of r.
2, 3, 19
Suppose -5*g = -5, -5*g - 3080 = -4*o - 989. List the prime factors of o.
2, 131
Let i be (-78)/21 + (-8)/28. Let n(d) = -d**3 + 2*d**2 - 4*d - 7. Let v be n(i). Suppose 3*q = 6*q - v. List the prime factors of q.
5, 7
Let g(x) = -x + 703. Let c be g(0). Let i = c + -383. What are the prime factors of i/(-60)*(-3)/2?
2
Let y(o) = -o**3 - 6*o**2 - o - 6. Let c be y(-6). Suppose -v - v + 3*n - 26 = 0, c = 3*n + 6. List the prime factors of ((-9)/(-2))/((-6)/v).
2, 3
Let x(h) be the third derivative of h**5/30 + 5*h**4/6 - 2*h**3 - 21*h**2. What are the prime factors of x(-14)?
2, 5
Suppose 15*v + 5252 = 41*v. List the prime factors of v.
2, 101
Suppose -5*b = 52 + 48. Let w = b - -22. Let j(z) = 33*z + 5. List the prime factors of j(w).
71
Let b be (-15)/12*(1 + -13). What are the prime factors of 822/(-2)*(2 + (-35)/b)?
137
Suppose 959 = -2*m - 5*o, 4*o = -3*m - o - 1431. List the prime factors of (-6)/(-8)*m*1/(-2).
3, 59
Let t(l) = 22*l**2 + 1 - 7 + 11 - 7*l. List the prime factors of t(2).
79
Suppose -10*n - 5*y + 5040 = -7*n, 5*y - 3365 = -2*n. What are the prime factors of n?
5, 67
Let c be ((2/3)/1)/(15/45). Suppose 3*l = 5*z + 158, -c*l - 4*z = -0*l - 120. List the prime factors of l.
2, 7
Suppose -6*h + 18 = -3*h. Let j(a) = 7*a**2 - 23*a - 6. What are the prime factors of j(h)?
2, 3
Let i be (-338)/(-17) + (-2)/(-17). List the prime factors of i/6 - (-10)/(-30).
3
What are the prime factors of 2504/(-12)*(-12)/((-16)/(-4))?
2, 313
Let o be 1*(134/3)/((-4)/(-6)). Suppose o*y + 552 = 71*y. What are the prime factors of y?
2, 3, 23
Suppose -x - 22 = -15. Let z(u) = -29*u - 45. Let q(j) = -10*j - 15. Let w(c) = -17*q(c) + 6*z(c). What are the prime factors of w(x)?
13
Let a = -26 + 26. Suppose -16 = -4*b, -s + a*s + 2*b + 20 = 0. List the prime factors of s.
2, 7
Let z(b) = -b - 6. Let x be z(-9). Suppose x*l = 4*i + 3, 0*l - 9 = 4*l - i. What are the prime factors of 3 - (-3 - l - 22)?
5
Let j = 109 + -61. Suppose -38 - j = -3*k + 4*x, -5*x + 35 = k. What are the prime factors of k?
2, 3, 5
Let v = 2 - 0. Suppose 3*x + 0*h - 137 = -h, -v*h = -4. Let t = -8 + x. List the prime factors of t.
37
What are the prime factors of (0 - (-3)/2)*(1810 - -4)?
3, 907
Suppose 562 = 6*f + 22. Suppose 3*u - s - 488 = -f, 4*s + 252 = 2*u. What are the prime factors of u?
2, 67
Let k(q) = -q**3 - 2*q**2 + 6. Let a be k(-3). Suppose 4*d - 2*g - 354 = 0, 0 = -d + 3*g + 76 + a. What are the prime factors of d?
2, 11
Suppose c + 16 = 17. List the prime factors of 157*((-4)/(-4))/c.
157
Suppose x + 29 = 2*x. Let k = x - 18. Suppose -2*f = 4 + 2, k = 2*l + 5*f. What are the prime factors of l?
13
List the prime factors of -2 + 440/(5 - 0).
2, 43
Suppose -3*m = -3*u - 54, -3*m - 4*u = -6*u - 49. Suppose -3*g + m + 62 = 0. List the prime factors of g.
5
Let j(a) = -a**2 + 8*a + 12. Let c be j(9). Suppose -69 = 2*t - c*t. Let m = -24 + t. What are the prime factors of m?
3, 5
Suppose 5*v - d + 137 = 2*d, d = 2*v + 54. Let u = v - -29. Suppose -w = -u*w + 9. What are the prime factors of w?
3
Suppose -6 + 2 = -b. List the prime factors of 7546/63 + b/18.
2, 3, 5
Let h = -3210 + 5171. What are the prime factors of h?
37, 53
Let j(x) = x - 1. Let i be j(5). Suppose 2*m + 106 = n, 2*m - i*m = 10. List the prime factors of (-18)/8*n/(-4).
2, 3
Let t(n) = n**2 + 8*n + 12. Let m(f) = -7*f**3 - f. Let s be m(1). Let o be t(s). Suppose -5*v = -4*v - o. What are the prime factors of v?
2, 3
What are the prime factors of (-45174)/(-27) + (-13)/117?
7, 239
Suppose -5*b + 7 = x - 9*b, 5*b + 35 = -4*x. Let w(j) be the first derivative of -3*j**2/2 + 6*j - 1. What are the prime factors of w(x)?
3, 7
Let r(s) = -6*s**3 - 3*s**2 + 1. Let c be r(-2). Let m(j) = -j**3 - 13*j**2 - 11*j - 7. Let t be m(-12). Let g = c + t. What are the prime factors of g?
2, 3
Suppose 1 = u - 4. Suppose -3*i = i - u*p - 536, 0 = -2*i + p + 268. List the prime factors of i.
2, 67
Let f(w) = -4*w + 8. Let b be f(9). Let x be b/(-21) - 2/(-3). Suppose 2*j - v = -x*j + 104, -31 = -j - v. List the prime factors of j.
3
Let i = 994 - 548. What are the prime factors of i?
2, 223
Let a(c) = c**3 + 78*c**2 - 44*c - 88. What are the prime factors of a(-78)?
2, 11, 19
Let j = -892 - -1257. What are the prime factors of j?
5, 73
Let p = -1329 - -3872. What are the prime factors of p?
2543
Let w = 25 + -35. Let h = -8 - w. Suppose 0 = -b - 2*u - 2*u + h, u = 0. List the prime factors of b.
2
Let s(g) = 34*g - 29. Let m be s(9). What are the prime factors of (m*-1 - 2)*22/(-33)?
2, 3, 31
Suppose 0 = 35*y - 7794 - 42186. List the prime factors of y.
2, 3, 7, 17
Let d = 952 + -624. Suppose -51*h + d = -49*h. What are the prime factors of h?
2, 41
Let s = 24 - 36. Suppose 0 = 4*x - 0*x + 72. What are the prime factors of s/x*15*1?
2, 5
Suppose 4*l - 5*t = 5209, -3*t - 423 - 4784 = -4*l. What are the prime factors of l?
1301
What are the prime factors of (14896/40)/((-6)/(-60))?
2, 7, 19
Suppose 6*q - q + 4*m = -5, -q - 2*m - 7 = 0. Suppose 0 = -7*r - q*r + 510. What are the prime factors of r?
3, 17
Suppose 0 = 3*c + 4*a, 11*c = 7*c - 5*a. Suppose g + 4*u - 113 = c, 5*g + 0*u = -5*u + 580. List the prime factors of g.
3, 13
Let u be 45/18 - 1/2. Suppose 2*z - 484 = -4*q, -253 = -2*q + u*z - 17. Suppose q = -y + 3*y. What are the prime factors of y?
2, 3, 5
What are the prime factors of (-137032)/(-42) - (-20)/15?
2, 3, 17
Let d = -112 - 242. Let u = d + 631. List the prime factors of u.
277
Let i be (32/(-2))/((-3)/(9/6)). Suppose -2*d + 463 = v, 11*d + 4*v = i*d + 682. What are the prime factors of d?
2, 3, 13
Let f(w) = 25*w**2 + 17*w + 50. List the prime factors of f(-6).
2, 53
Let d be -27*(1 - (-8)/(-12)). Let n = 11 + d. What are the prime factors of n?
2
Let r = -372 + 805. List the prime factors of r.
433
Suppose 4*i + 444 - 2680 = 0. List the prime factors of i.
13, 43
Let m be 0 + 2 - (-13 - -14). Suppose m = -t - h, 0 = -4*t - 3*h + 4*h + 21. Suppose -t*q + 2*q = j - 54, 2*q = 5*j + 54. List the prime factors of q.
3
Suppose -3*u + 5*j = -3659, -505*u - 3*j + 2471 = -503*u. What are the prime factors of u?
2, 307
Let o be ((-4)/(-9))/((-4)/(-18)). Suppose o = 4*i - 14. Let d = i + 4. List the prime factors of d.
2
Let r be ((-732)/15)/((-38)/10 + 4). What are the prime factors of -4 + r/(-16)*4?
3, 19
Suppose -537 + 5417 = 5*u. What are the prime factors of u?
2, 61
Let d(j) = j**2 + 3*j - 11. Let k be d(-5). Let x be 0/2*k/1. What are the prime factors of (2 - x)*66/4?
3, 11
Let p = -7 - -12. Suppose p*k - 6 = 4. Suppose -52 = -k*c - 16. List the prime factors of c.
2, 3
Let b be 1/(-4) + (20/16)/5. Suppose -2*n - p = -b*p - 88, -226 = -5*n - 4*p. List the prime factors of n.
2, 3, 7
Suppose 0 = -2*z + 3*z - 24. Let u = z - 22. Suppose 4*a - 64 = -w - 0*a, 5*w = u*a + 276. What are the prime factors of w?
2, 7
Suppose p = -5, -4*x = -7*x - 2*p + 14. Let m(c) = 3*c - 12. List the prime factors of m(x).
2, 3
Suppose -19*b + 14112 = 2*b. List the prime factors of b.
2, 3, 7
Let q = 45 + -75. Let r = q + 44. What are the prime factors of r?
2, 7
Let g(i) = -21*i**3 - 5*i**2 + 7*i - 1. Let w be g(2). Let r = -73 - w. List the prime factors of r.
2, 3, 17
Suppose 13*j + 96 = -60. List the prime factors of (-695)/(-9) + j/54.
7, 11
Let k(a) = 4*a**2 - 9*a - 3. Let l be k(3). List the prime factors of (l/9)/(-2*2/(-366)).
61
Suppose 5*o = f + 11 - 0, o = -4*f + 19. Suppose 4*x - 3*x - 2*i = 32, 5*i + 113 = f*x. List the prime factors of 55/x*(3 + -1).
5
Let v(q) = 3*q**2 - 16*q + 10. Let d(y) = y + 24. Let w be d(-14). List the prime factors of v(w).
2, 3, 5
Let j(l) = 42*l + 58. What are the prime factors of j(14)?
2, 17, 19
Let m = -7705 + 11495. What are the prime factors of m?
2, 5, 379
What are the prime factors of 197 + 0 - (0 - -8 - 8)?
197
Suppose -2*u = -3*u - 5*l + 35, -l = u - 55. List the prime factors of u.
2, 3, 5
Suppose 12*k - 45011 = -15779. List the prime factors of k.
2, 3, 7, 29
Suppose -4 = r + 1. List the prime factors of 31/(((-20)/8)/r).
2, 31
Suppose -5*m - 3846 + 811 = 0. Let r = -409 - m. List the prime factors of r.
2, 3, 11
What are the prime factors of 19856/(-20)*(-25)/10?
2, 17, 73
Let q(b) = -3*b**3 + 3*b**2 - 3*b + 5. Wh